 (base 2) to base 10
2
Convert -3 (base 16) to base 13.
-3
4 (base 14) to base 8
4
3 (base 8) to base 9
3
What is -2 (base 5) in base 8?
-2
-15 (base 12) to base 8
-21
Convert -15 (base 8) to base 13.
-10
2 (base 14) to base 16
2
-1401 (base 6) to base 8
-551
Convert 17 (base 16) to base 11.
21
Convert 13 (base 15) to base 8.
22
6 (base 8) to base 15
6
-14 (base 14) to base 9
-20
Convert 0 (base 10) to base 5.
0
2 (base 6) to base 12
2
What is -243 (base 5) in base 13?
-58
What is 3 (base 6) in base 5?
3
Convert 2 (base 4) to base 15.
2
5 (base 13) to base 11
5
Convert 1000 (base 3) to base 15.
1c
Convert -7d (base 16) to base 11.
-104
Convert -11 (base 12) to base 8.
-15
101 (base 2) to base 16
5
What is -13 (base 5) in base 14?
-8
Convert 1200 (base 4) to base 9.
116
What is -161 (base 10) in base 14?
-b7
What is 3 (base 16) in base 11?
3
-512 (base 7) to base 11
-211
What is -4 (base 7) in base 14?
-4
Convert 2e (base 16) to base 4.
232
Convert -2 (base 7) to base 11.
-2
Convert 1101 (base 2) to base 10.
13
What is 22 (base 9) in base 5?
40
Convert e (base 15) to base 8.
16
What is 100101010 (base 2) in base 16?
12a
11010 (base 2) to base 3
222
9 (base 14) to base 13
9
Convert 1011110 (base 2) to base 13.
73
Convert -2 (base 13) to base 16.
-2
What is 233 (base 4) in base 2?
101111
What is 16 (base 8) in base 2?
1110
What is -3 (base 12) in base 16?
-3
What is -111 (base 2) in base 9?
-7
-49 (base 15) to base 16
-45
What is 11 (base 2) in base 15?
3
What is 5 (base 6) in base 3?
12
2 (base 11) to base 15
2
Convert -7 (base 8) to base 5.
-12
-10110 (base 2) to base 6
-34
Convert 0 (base 8) to base 2.
0
Convert -2323 (base 4) to base 8.
-273
What is 2 (base 6) in base 8?
2
Convert -31 (base 4) to base 12.
-11
Convert 10202 (base 3) to base 9.
122
What is -3 (base 7) in base 6?
-3
What is 9 (base 13) in base 11?
9
What is -31 (base 15) in base 5?
-141
-35 (base 11) to base 14
-2a
256 (base 8) to base 15
b9
1 (base 4) to base 12
1
What is -231 (base 6) in base 9?
-111
1101 (base 2) to base 6
21
What is -182 (base 12) in base 2?
-11110010
a (base 16) to base 7
13
100 (base 15) to base 2
11100001
Convert -2142 (base 5) to base 10.
-297
1 (base 3) to base 5
1
What is 1101 (base 2) in base 6?
21
What is 32 (base 7) in base 10?
23
0 (base 13) to base 11
0
Convert -2 (base 7) to base 13.
-2
1000 (base 4) to base 5
224
-23 (base 14) to base 7
-43
What is 204 (base 5) in base 16?
36
What is 2 (base 6) in base 11?
2
Convert -d (base 14) to base 13.
-10
2c (base 15) to base 4
222
What is 5 (base 7) in base 14?
5
Convert -10 (base 8) to base 3.
-22
Convert 27 (base 13) to base 5.
113
-1 (base 2) to base 14
-1
What is 0 (base 16) in base 8?
0
Convert -1012 (base 3) to base 4.
-200
What is 224 (base 5) in base 14?
48
16 (base 12) to base 7
24
2 (base 12) to base 3
2
11010 (base 2) to base 12
22
-1a (base 16) to base 12
-22
0 (base 14) to base 7
0
32 (base 8) to base 9
28
Convert -1 (base 6) to base 10.
-1
What is -1210 (base 3) in base 16?
-30
-5 (base 7) to base 2
-101
What is 65 (base 12) in base 5?
302
Convert -3 (base 15) to base 11.
-3
Convert 5 (base 8) to base 13.
5
-5 (base 9) to base 12
-5
Convert -58 (base 16) to base 6.
-224
What is -1010 (base 3) in base 2?
-11110
-1 (base 4) to base 7
-1
What is 304 (base 6) in base 4?
1300
What is 113 (base 4) in base 3?
212
What is 0 (base 5) in base 10?
0
Convert 2 (base 6) to base 16.
2
What is 101 (base 2) in base 6?
5
What is 3 (base 15) in base 5?
3
Convert -15 (base 6) to base 2.
-1011
Convert 1 (base 14) to base 16.
1
5 (base 7) to base 6
5
Convert a (base 11) to base 2.
1010
-4 (base 6) to base 16
-4
11100 (base 2) to base 11
26
What is b (base 15) in base 14?
b
What is -62 (base 7) in base 2?
-101100
Convert 7 (base 11) to base 12.
7
-21 (base 11) to base 15
-18
What is -308 (base 9) in base 8?
-373
Convert 3 (base 6) to base 9.
3
16 (base 8) to base 10
14
Convert 0 (base 2) to base 11.
0
1 (base 10) to base 16
1
What is 0 (base 11) in base 16?
0
What is -25 (base 14) in base 13?
-27
Convert 3 (base 16) to base 3.
10
What is 6 (base 13) in base 15?
6
Convert 78 (base 14) to base 7.
211
What is f8 (base 16) in base 5?
1443
Convert 91 (base 10) to base 4.
1123
Convert 332 (base 4) to base 14.
46
163 (base 8) to base 4
1303
Convert 36 (base 7) to base 10.
27
Convert 87 (base 9) to base 13.
61
What is -4 (base 6) in base 14?
-4
What is 110 (base 2) in base 9?
6
What is 326 (base 7) in base 6?
435
-2 (base 14) to base 5
-2
What is -4 (base 15) in base 5?
-4
Convert 2 (base 16) to base 4.
2
What is 12 (base 7) in base 9?
10
Convert -97 (base 13) to base 15.
-84
-300 (base 5) to base 3
-2210
-10 (base 15) to base 6
-23
Convert -2 (base 10) to base 16.
-2
What is 1 (base 13) in base 16?
1
21 (base 4) to base 10
9
What is 3 (base 10) in base 2?
11
33 (base 10) to base 14
25
Convert -17 (base 11) to base 4.
-102
110010 (base 2) to base 13
3b
Convert 30 (base 7) to base 4.
111
110 (base 2) to base 11
6
Convert -4 (base 8) to base 10.
-4
-331 (base 4) to base 12
-51
What is 1010 (base 3) in base 5?
110
What is 51 (base 9) in base 3?
1201
What is 32 (base 10) in base 9?
35
What is a4 (base 14) in base 15?
99
What is 4 (base 5) in base 7?
4
Convert 2 (base 11) to base 4.
2
What is 0 (base 8) in base 14?
0
-216 (base 9) to base 11
-151
6 (base 8) to base 3
20
-2e (base 15) to base 9
-48
Convert 1 (base 7) to base 15.
1
Convert 2023 (base 4) to base 13.
a9
-1 (base 16) to base 15
-1
What is 1022 (base 4) in base 6?
202
What is 3 (base 6) in base 10?
3
-11101 (base 2) to base 15
-1e
Convert -17 (base 11) to base 14.
-14
Convert 25 (base 11) to base 2.
11011
What is -5 (base 9) in base 14?
-5
11 (base 3) to base 9
4
Convert -102 (base 4) to base 12.
-16
What is 43 (base 13) in base 3?
2001
Convert d4 (base 15) to base 14.
103
Convert 46 (base 8) to base 3.
1102
What is -107 (base 11) in base 12?
-a8
Convert 110 (base 8) to base 13.
57
11 (base 5) to base 6
10
What is 10 (base 5) in base 6?
5
Convert 6 (base 16) to base 10.
6
-2 (base 9) to base 11
-2
Convert 6 (base 16) to base 3.
20
Convert -201 (base 3) to base 9.
-21
Convert 2 (base 12) to base 6.
2
2 (base 12) to base 13
2
What is 3 (base 14) in base 3?
10
Convert -2 (base 11) to base 8.
-2
-222 (base 3) to base 8
-32
Convert -63 (base 15) to base 4.
-1131
What is 0 (base 10) in base 5?
0
Convert -1 (base 10) to base 13.
-1
Convert 121 (base 4) to base 5.
100
Convert -14 (base 12) to base 11.
-15
What is -11 (base 5) in base 2?
-110
-25 (base 8) to base 15
-16
6 (base 8) to base 11
6
Convert -2 (base 3) to base 15.
-2
11 (base 7) to base 12
8
0 (base 3) to base 9
0
Convert 2 (base 7) to base 2.
10
20 (base 10) to base 4
110
Convert -4 (base 8) to base 16.
-4
c7 (base 14) to base 2
10101111
Convert -9 (base 13) to base 7.
-12
-104 (base 6) to base 5
-130
Convert 0 (base 6) to base 11.
0
Convert 244 (base 8) to base 3.
20002
What is 10013 (base 4) in base 13?
173
What is -5 (base 14) in base 3?
-12
Convert 0 (base 2) to base 12.
0
Convert -b (base 13) to base 14.
-b
Convert -514 (base 6) to base 15.
-ca
Convert 257 (base 9) to base 3.
21221
0 (base 7) to base 15
0
22 (base 16) to base 14
26
What is 0 (base 4) in base 6?
0
6 (base 10) to base 3
20
What is 2 (base 8) in base 14?
2
1121 (base 3) to base 14
31
0 (base 6) to base 13
0
Convert 0 (base 7) to base 13.
0
-300 (base 4) to base 6
-120
Convert -7 (base 15) to base 2.
-111
What is 21 (base 7) in base 2?
1111
What is 53 (base 8) in base 14?
31
What is 145 (base 6) in base 3?
2102
What is 12020 (base 3) in base 5?
1031
Convert 4 (base 6) to base 4.
10
What is 3 (base 10) in base 2?
11
Convert -102 (base 3) to base 16.
-b
What is 242 (base 6) in base 7?
200
-20 (base 6) to base 4
-30
4 (base 5) to base 7
4
What is 5 (base 14) in base 3?
12
What is 13 (base 14) in base 10?
17
Convert 6 (base 16) to base 6.
10
Convert 103 (base 6) to base 8.
47
-10 (base 10) to base 16
-a
Convert 0 (base 13) to base 10.
0
Convert -2 (base 11) to base 7.
-2
What is -157 (base 9) in base 14?
-97
14 (base 9) to base 11
12
Convert -79 (base 12) to base 3.
-10110
-74 (base 12) to base 6
-224
What is -11 (base 7) in base 5?
-13
What is -4 (base 7) in base 11?
-4
-80 (base 15) to base 16
-78
-7 (base 15) to base 14
-7
Convert -c (base 